- 135. Let p = f + -23. Calculate g(p).
-6
Let c(k) = -26*k**3 - 4*k**2 + 10*k + 5. Let z(v) = -2*v**3 + v**2 - 2*v - 1. Let y(n) = c(n) + 5*z(n). Calculate y(-1).
37
Let l be 2 - (2 + -1) - 2. Let p(g) = -3 + g**2 - 5*g + 2 + 4*g. Let r(k) = -9*k**2 + 3*k + 3. Let n(w) = -4*p(w) - r(w). Give n(l).
5
Let w(s) be the third derivative of -s**5/60 + s**4/3 + s**3 - 572*s**2. Calculate w(9).
-3
Let j(p) be the first derivative of -p**4/4 - p**3 - p**2 + 4*p + 89. Determine j(-3).
10
Let y(v) = 4*v - 43. Let t be y(8). Let c(h) = h + 18. What is c(t)?
7
Let n(d) = 62*d - 24*d - 5 - 26*d - 6 + d**2. What is n(-12)?
-11
Let x(t) = 3*t**2 - 4*t - 2. Let l(n) = 16*n**2 - 19*n - 11. Let i = -9 - -12. Let h be -7 - (-1 + (i - -2)). Let c(j) = h*x(j) + 2*l(j). What is c(6)?
0
Let k(p) = -p**3 + 6*p**2 + 6*p + 12. Suppose -5*s + 2*u + 10 = -2*u, 3*s = 2*u + 8. Calculate k(s).
48
Let x(c) be the first derivative of c**2/2 + 6*c - 4. Let v(f) = 4*f + 1. Let w be v(1). Suppose 3*t - u = -6*u + w, -28 = 4*t - 2*u. Determine x(t).
1
Let b(x) = x**3 - x**2 - 52. Suppose -390*o + 385*o = 0. Give b(o).
-52
Let r(y) = -y**2 + y + 2. Let i = -3 + 5. Let n be 2 + (2 - i) + -5. Let j be (n - -2) + (-2)/(-2). What is r(j)?
2
Let l(u) = -u**2 - 2*u + 2. Let j be l(-2). Let t(r) = 128 - r**2 - 32 - 32 - 33 - 34 + 2*r. Determine t(j).
-3
Let y = -638 + 636. Let r(z) = 54*z + 10. Let j(s) = -11*s - 2. Let f(i) = -14*j(i) - 3*r(i). Let t(x) = -7*x - 2. Let c(q) = 3*f(q) - 4*t(q). Determine c(y).
-6
Let z(x) be the second derivative of x**3/6 + x**2/2 - 3*x. Let w(u) = u - 5. Let j be 2*(27/6 + -1). Let y be w(j). What is z(y)?
3
Let k = 442 - 441. Let i(f) = -14*f**2 + 1. Let q(n) = 69*n**2 - 5. Let p(o) = -11*i(o) - 2*q(o). Calculate p(k).
15
Let m(c) be the third derivative of -c**5/20 + c**4/6 + 5*c**3/6 + 2*c**2 - 195*c. Determine m(4).
-27
Let o(t) = 1. Let x(v) be the second derivative of -v**3/2 - 14*v. Let u(f) = o(f) + x(f). Let i = -10 - -14. What is u(i)?
-11
Suppose -4*x + 42 = -x. Suppose g + i - 8 = 0, 4*g + 0*g - x = 5*i. Let c(t) = -t + 7. What is c(g)?
1
Let d(h) = -5*h**2 - 11*h - 5. Let z(n) = 6*n**2 + 12*n + 5. Let u(p) = 7*d(p) + 6*z(p). What is u(5)?
-5
Let r(u) = -8*u + 10. Let n(b) = 15*b - 19. Let x(q) = -3*n(q) - 5*r(q). What is x(2)?
-3
Let j(w) = 19*w - 8*w - 10*w + 36*w**3 - 1. What is j(1)?
36
Let r(q) = -q**3 - 12*q**2 + 3*q + 27. Let j be r(-12). Let l(d) = 3*d + 6. Give l(j).
-21
Let f(v) be the second derivative of -v**4/2 + v**3/6 - 11*v + 5. Determine f(-1).
-7
Let a be (-14 - (-12)/3) + 1. Let c = -2 - a. Let q(p) = -6*p**2 + c - 8 + 5*p**2. Give q(-1).
-2
Let d(j) = -2*j + 9. Let a be d(0). Suppose -a*w = -11*w + 12. Let n(h) = -3 + 1 - 5 - 3*h + w. What is n(-3)?
8
Let u(j) = -j - 13. Suppose -29*f + 576 = -13*f. Let h be (f/20)/(2/(-10)). Calculate u(h).
-4
Let b(a) be the first derivative of -2*a**2 + a + 348. What is b(-12)?
49
Suppose -4*b - 2*g - 152 = 0, b - 3*g + 24 = -0*g. Let z = -30 - b. Let k(y) = y + 6. Calculate k(z).
12
Let f(z) = 5*z + 2 + 3*z - 6*z + 0*z. Let n(i) = -i + 1. Let b be n(0). Suppose -2*c + b + 5 = 0. What is f(c)?
8
Let u(z) = z**2 + 6*z - 2. Suppose 3*p - 86 - 49 = 0. Suppose p - 15 = -6*n. Determine u(n).
-7
Let g(p) be the first derivative of p**3/3 + 3*p**2 + 6*p + 25. Suppose 3*f = -2*f - 20. Let c be g(f). Let t(i) = i + 2. Calculate t(c).
0
Let q(g) = g**3 - g. Let v(j) = 2*j**3 - 2*j**2 - j - 1. Let o(z) = q(z) - v(z). Let k be (1 - (-6)/3)/1. Give o(k).
-8
Let g(i) be the third derivative of -1/24*i**4 + 0 + 0*i - 5/3*i**3 - 11*i**2. Determine g(-8).
-2
Let o(u) = u**3 - 10*u**2 + 3*u - 1. Suppose -125 - 135 = -26*r. Determine o(r).
29
Let h(j) = -33*j + 77 + 7*j + 3*j - j**2 - 68. What is h(-24)?
-15
Let j(v) = v - 1. Let u(f) = -f + 2. Let p(l) = 4*j(l) + 3*u(l). Determine p(8).
10
Let l(k) be the second derivative of -9*k**3/2 - k**2 - 70*k - 2. Give l(1).
-29
Let x(m) = 6*m**3 + m**2. Let r(f) = -f**2 - 27. Let y be r(0). Let t = y - -28. What is x(t)?
7
Let c(p) = -3*p**2 - 2*p - 1. Let l = 20 + -60. Let f = l + 42. What is c(f)?
-17
Let o(l) = l**3 - l. Let r be o(3). Suppose 0*p - r = 3*p - 3*s, 3*s - 18 = p. Let w(b) = 6*b + 2. Give w(p).
-16
Let l(k) = 2*k**2 - 1. Suppose -7 = 2*f - 21. Suppose -f*r = 4 + 3. What is l(r)?
1
Suppose 0 = -5*u + 2*b - 90, -u - 2*b - 13 = 5. Let t = -18 - u. Let x(g) = g + 4. Determine x(t).
4
Let u(i) = -i - 1. Let p be 6/4*(-32)/(-24). Let w(t) = -p*t**2 - 34*t + 29*t + t**2 - 6. Let x(a) = -5*u(a) + w(a). What is x(3)?
-10
Let i(j) = 13*j**3 - 9*j**2 + 19*j + 28. Let t(p) = 28*p**3 - 17*p**2 + 39*p + 59. Let a(h) = 13*i(h) - 6*t(h). Determine a(14).
-4
Let q(u) = -95*u**2 + 145*u**2 + u - 76*u**2. Give q(-1).
-27
Let n(b) = -b**2 + 5*b - 5. Suppose -4*j = -u - 102, -121 = -0*j - 5*j - 2*u. Suppose 0*p = -5*p + j. What is n(p)?
-5
Let a(m) = -10*m. Let y(o) = 5*o**2 + o + 4. Let h be y(4). Let r = -89 + h. Calculate a(r).
10
Suppose 49*i - 10*i - 106 = -14*i. Let y(f) = -f - 2*f**2 - 3*f + 1 + 0. Let q(c) = 2*c**2 + 3*c - 1. Let v(m) = -3*q(m) - 2*y(m). Calculate v(i).
-9
Let b(z) be the third derivative of 0*z + 1/120*z**6 + 1/10*z**5 + 2*z**2 + 0 - 5/6*z**3 - 1/6*z**4. Calculate b(-6).
19
Let w(m) be the third derivative of m**6/120 - m**5/12 - m**4/3 + 3*m**3/2 - m**2. Let x be 2/(-8) - (75/4)/(-3). Calculate w(x).
-3
Suppose -4*g + 16 = -4*k - 5*g, 2*k = -g - 6. Let x(u) be the second derivative of u**5/20 + 5*u**4/12 + u**3/6 - u**2/2 + 5*u. Give x(k).
-6
Let y(h) = 20*h + 2. Let w(x) = 13*x + 2. Let a(o) = 3*w(o) - 2*y(o). Calculate a(-1).
3
Let k(v) = v**2 + 10*v + 8. Suppose c = 3*l - 1, -2*c + 2*l - 8 = 6. Calculate k(c).
8
Let s(d) be the second derivative of d**3/6 + 645*d. Suppose -2*l = -5 - 1. What is s(l)?
3
Let h(v) = -v**2 - 6*v + 9. Let k be h(-7). Let y(z) = -2 - z**2 - 71*z - z**3 + 66*z - 6*z**k - 4. What is y(-6)?
-12
Let x(z) = 2*z - 17*z + 8069*z**2 - 8068*z**2 + 8. What is x(12)?
-28
Let n(v) = -3*v**2 - 2*v**2 + 20*v - 18*v + 2*v**2 - 2. What is n(1)?
-3
Let o be (-1)/(-6) - (-4)/((-144)/222). Let i(p) = p**2 + 2*p - 23. Let t be i(o). Let h(n) = -4*n**3 - n + 1 - 5*n + 5*n. What is h(t)?
-4
Let r(m) = -7*m**2 + m + 1. Let z(p) = -p**3 + 5*p**2 + 5*p + 2. Let b be z(0). Determine r(b).
-25
Let u(x) = -180*x + 9 - 178*x - 1 + 360*x. Give u(13).
34
Let z be (1/1 - -1)*-1. Let g = -44 - -38. Let s(c) = c**2 + 6*c + 8. Let n(f) = f + 1. Let p(j) = g*n(j) + s(j). Calculate p(z).
6
Let s(x) = 2 + 21*x**2 - 20*x**2 - x - 5. Suppose 8*v = 13*v. Calculate s(v).
-3
Let l(q) = q**2 + q - 12. Let o(f) = -f**2 - f + 14. Let p(h) = -6*l(h) - 5*o(h). Let j = 1 - 3. Let t(z) = z**3 - 4*z - 3. Let g be t(j). Give p(g).
-4
Let l(o) be the third derivative of o**4/24 - 13*o**3/6 - 94*o**2. Determine l(10).
-3
Let x(q) = -q**2 + 11*q + 25. Suppose 51*i = 45*i + 78. Calculate x(i).
-1
Let y(x) = x**3 - 3*x**2 + 3*x - 3. Let d be y(3). Let b(q) = -11 - 2*q**2 + 119*q - d*q**2 - 112*q - q**3. What is b(-9)?
7
Let p(w) = -w**3 + 6*w**2 + 15*w + 12. Let v be p(8). Let u(t) = -3 - v*t + 1 + 0 + 5*t. Determine u(-5).
-7
Let b = 1113 + -1111. Let g(z) be the third derivative of -6*z**b + 0*z - 13/6*z**3 - 1/24*z**4 + 0. What is g(-6)?
-7
Let w(t) = t**3 - 39*t**2 + 3. Let u be w(39). Let y(s) be the second derivative of -3*s**2 + 1/3*s**4 + 2*s + 1/20*s**5 - 4/3*s**u + 0. What is y(-5)?
9
Let f(w) = 4*w + 9. Let a(m) = -10*m - 26. Let h(j) = 6*a(j) + 17*f(j). Determine h(3).
21
Let o be (4/4)/(4/20). Let b(p) = p - 18. Let x(f) = f - 9. Let u(m) = o*x(m) - 3*b(m). Calculate u(-6).
-3
Let k = 62 - 49. Let q(z) = -1 + 0*z - 9*z - k*z. Calculate q(-1).
21
Suppose 3*a - 15 = -5*x + 17, 3*x = 5*a - 8. Let g(l) = -l**2 + 4*l + 2. What is g(a)?
2
Let z(b) = 9*b - 23. Let v(i) = -6 + i + 2*i - 2. Let u(p) = 11*v(p) - 4*z(p). Let x be u(3). Let y(c) = c**2 + 5*c + 4. Calculate y(x).
4
Let g(a) = -7*a**3 - 2*a**2 - a. Let z = -1 - -1. Suppose -7*t + 28 + z = 0. Suppose 8 = -4*l + t. Calculate g(l).
6
Suppose 2*s = 3*m + 3, 3*m + 4*s - 12 - 3 = 0. Let a be (4 - m)*15/9. Let v(w) = 0*w + 1 - w - 4. Give v(a).
-8
Let v(h) = 3*h**2 + 3 + 2*h**2 - 4*h**2. Let t(r) = r**2 + r + 3. Let d(z) = -6*t(z) + 5*v(z). Determine d(-2).
5
Suppose -w + 25 = 5*f, 11 = f - 5*w + 4*w.